{"id":1527,"date":"2024-12-27T23:11:31","date_gmt":"2024-12-27T23:11:31","guid":{"rendered":"https:\/\/laura-sophie-heinrich.de\/?page_id=1527"},"modified":"2024-12-27T23:12:38","modified_gmt":"2024-12-27T23:12:38","slug":"agb","status":"publish","type":"page","link":"https:\/\/laura-sophie-heinrich.de\/?page_id=1527","title":{"rendered":"AGB"},"content":{"rendered":"\t\t<div data-elementor-type=\"wp-page\" data-elementor-id=\"1527\" class=\"elementor elementor-1527\" data-elementor-post-type=\"page\">\n\t\t\t\t<div class=\"elementor-element elementor-element-0e21ed2 e-flex e-con-boxed e-con e-parent\" data-id=\"0e21ed2\" data-element_type=\"container\" data-e-type=\"container\">\n\t\t\t\t\t<div class=\"e-con-inner\">\n\t\t\t\t<div class=\"elementor-element elementor-element-5371898 elementor-widget elementor-widget-text-editor\" data-id=\"5371898\" data-element_type=\"widget\" data-e-type=\"widget\" data-widget_type=\"text-editor.default\">\n\t\t\t\t<div class=\"elementor-widget-container\">\n\t\t\t\t\t\t\t\t\t<h1>AGB<\/h1><div><h3><strong>Geltungsbereich<\/strong><\/h3><p>Die folgenden Konditionen gelten f\u00fcr alle von\u00a0<strong>Laura-Sophie Fotografie\u00a0<\/strong>durchgef\u00fchrten Angebote, Auftr\u00e4ge, Leistungen und Lieferungen.<\/p><p>\u2022 Mit Entgegennahme von Leistung aller Art gelten sie in ihrem vollen Umfang als akzeptiert und vereinbart.<br \/>\u2022 Nebenabsprachen sind nur in schriftlich vereinbarter Form g\u00fcltig.<br \/>\u2022 Abweichende Gesch\u00e4ftsbedingungen des Kunden sind nur vom Fotografen schriftlich anerkannt wirksam.<\/p><h3><strong>Auftragsproduktionen \/ Fotoshootings<\/strong><\/h3><p>\u2022 Wenn Bilder auf Kundenauftrag hin individuell angefertigt wird, besteht das gesetzliche Widerrufsrecht nur bis zum Beginn des Fotoshooting.<br \/>Sp\u00e4ter eingehende Widerrufe f\u00fchren nicht zu einer Aufhebung des Vertrags und nicht zur einer R\u00fcckerstattung der bereits bezahlten Rechnungssumme.<br \/>\u2022 Die Aufnahmen sind vom Kunden \u00fcber eine Onlinegalerie selbst zu w\u00e4hlen \u2013 in welcher k\u00fcnstlerischen Form der Bearbeitung diese jedoch dem Kunden ausgeh\u00e4ndigt werden, liegt im Ermessen des Fotografen. Besondere W\u00fcnsche k\u00f6nnen ge\u00e4u\u00dfert, m\u00fcssen aber nicht ber\u00fccksichtigt werden. Entspricht das Endergebnis der k\u00fcnstlerischen Bearbeitung nicht dem pers\u00f6nlichen Geschmack des Kunden, kann, aber muss, der Fotograf diesem nicht entgegenkommen.Ein Anspruch auf Retuschen besteht nicht.<\/p><h3><strong>Nutzungsrechte der Fotografin<\/strong><\/h3><p>\u2022 Die Rechte an allen Bildern besitzt auch nach dem Kauf Laura-Sophie Fotografie<br \/>\u2022 Der Fotograf hat ein zeitlich, r\u00e4umlich und \u00f6rtlich uneingeschr\u00e4nktes Nutzungsrecht der Bilder f\u00fcr alle Verwendungsbereiche (er darf diese ver\u00f6ffentlichen, vervielf\u00e4ltigen, vermarkten, ausstellen usw\u2026 ) Sollte es zu einer Ver\u00f6ffentlichung kommen wird der Kunde nat\u00fcrlich umgehend informiert, weitere Anspr\u00fcche hat er jedoch nicht \u2013 auch nicht gegen Dritte (z.B. Verlag\u2026).<br \/>\u2022 Sollten Einschr\u00e4nkungen des Nutzungsrechtes der Tierbilder gew\u00fcnscht sein, sollen zum Beispiel Fotos, auf dem das Gesicht des Besitzers erkennbar ist nicht ver\u00f6ffentlicht werden etc., muss dieses ausdr\u00fccklich vor dem Fotoshooting deutlich gemacht und schriftlich (zum Beispiel per mail) festgehalten werden.<\/p><h3><strong>Nutzungsrecht des Kunden<\/strong><\/h3><p>Beim Kauf einer digitalen Fotodatei erwirbt der Kunde folgende Rechte an dieser:<br \/>\u2022 private Nutzungsrechte (unter privater Nutzung ist nur das zu verstehen, was f\u00fcr den eigenen, privaten Gebrauch und Zweck verwendet wird, was nicht vermarktet werden soll und was nicht zu kommerziellen Zwecken verwendet wird. Exklusive Nutzungsrechte bed\u00fcrfen der ausdr\u00fccklichen und schriftlichen Form)<br \/>\u2022 Aufbewahrung der digitalen Dateien in unver\u00e4nderter Form auf jeder Art von Speichermedium, sowie als Drucke jeder Art.<br \/>\u2022 Ver\u00f6ffentlichung der Bilder im Internet in sozialen Netzwerken oder auf der eigenen Homepage \u2013 hierf\u00fcr ist jedoch ausschlie\u00dflich die weboptimierte Fassung mit Wasserzeichen zu verwenden.<br \/>\u2022 Erstellung von Drucken (Fotos, Postern, Tshirts\u2026) f\u00fcr den privaten Gebrauch.<br \/>\u2022 Verwendung des Bildmaterials f\u00fcr Boxenschilder, T\u00fcrschilder und \u00c4hnliches f\u00fcr private Zwecke.<br \/>Wenn nicht ausdr\u00fccklich anders vereinbart ist folgendes nicht gestattet:<br \/>\u2022 Der Weiterverkauf von Drucken (Fotos, Postern\u2026) oder gar digitalen Dateien des Bildmaterials ist untersagt.<br \/>\u2022 Die Weitergabe von digitalen Dateien an Dritte ist nur gestattet, wenn diese sich ebenfalls an die oben genannten Bedingungen h\u00e4lt und diese ebenfalls nur privat nutzt.<br \/>\u2022 Es ist nicht gestattet das Bildmaterial kommerziell zu nutzen -&gt; werbliche, redaktionelle und andere exklusive Nutzungsrechte bed\u00fcrfen der ausdr\u00fccklichen und schriftlichen Form und bedingen einen Preisaufschlag.<br \/>\u2022 Das Bildmaterial darf in keiner Form ver\u00e4ndert, bearbeitet, zugeschnitten oder umgestaltet werden.<\/p><p>\u00a0<\/p><h3><strong>Vetragsstrafe und Schadensersatz\u00a0<\/strong><\/h3><p>\u2022 Verst\u00f6\u00dfe z.B. nicht genehmigte Ver\u00f6ffentlichung \/ Verbreitung, auch\u00a0jede\u00a0Ver\u00e4nderung der Bilddateien, unberechtigte Entfernung des Fotografenlogos oder sonstige Verst\u00f6\u00dfe gegen das Nutzungsrecht sind strafbar. Werden Fotos, die gegen die AGBs versto\u00dfen nach einmaliger Abmahnung nicht aus dem Internet entfernt oder trotzdem abgedruckt, kann ein mehrfacher Bildpreis in Rechnung gestellt werden.<\/p><\/div>\t\t\t\t\t\t\t\t<\/div>\n\t\t\t\t<\/div>\n\t\t\t\t\t<\/div>\n\t\t\t\t<\/div>\n\t\t\t\t<\/div>\n\t\t","protected":false},"excerpt":{"rendered":"<p>AGB Geltungsbereich Die folgenden Konditionen gelten f\u00fcr alle von\u00a0Laura-Sophie Fotografie\u00a0durchgef\u00fchrten Angebote, Auftr\u00e4ge, Leistungen und Lieferungen. \u2022 Mit Entgegennahme von Leistung aller Art gelten sie in ihrem vollen Umfang als akzeptiert und vereinbart.\u2022 Nebenabsprachen sind nur in schriftlich vereinbarter Form g\u00fcltig.\u2022 Abweichende Gesch\u00e4ftsbedingungen des Kunden sind nur vom Fotografen schriftlich anerkannt wirksam. Auftragsproduktionen \/ Fotoshootings \u2022 [&hellip;]<\/p>\n","protected":false},"author":1,"featured_media":0,"parent":0,"menu_order":0,"comment_status":"closed","ping_status":"closed","template":"elementor_header_footer","meta":{"footnotes":""},"class_list":["post-1527","page","type-page","status-publish","hentry"],"_links":{"self":[{"href":"https:\/\/laura-sophie-heinrich.de\/index.php?rest_route=\/wp\/v2\/pages\/1527","targetHints":{"allow":["GET"]}}],"collection":[{"href":"https:\/\/laura-sophie-heinrich.de\/index.php?rest_route=\/wp\/v2\/pages"}],"about":[{"href":"https:\/\/laura-sophie-heinrich.de\/index.php?rest_route=\/wp\/v2\/types\/page"}],"author":[{"embeddable":true,"href":"https:\/\/laura-sophie-heinrich.de\/index.php?rest_route=\/wp\/v2\/users\/1"}],"replies":[{"embeddable":true,"href":"https:\/\/laura-sophie-heinrich.de\/index.php?rest_route=%2Fwp%2Fv2%2Fcomments&post=1527"}],"version-history":[{"count":4,"href":"https:\/\/laura-sophie-heinrich.de\/index.php?rest_route=\/wp\/v2\/pages\/1527\/revisions"}],"predecessor-version":[{"id":1531,"href":"https:\/\/laura-sophie-heinrich.de\/index.php?rest_route=\/wp\/v2\/pages\/1527\/revisions\/1531"}],"wp:attachment":[{"href":"https:\/\/laura-sophie-heinrich.de\/index.php?rest_route=%2Fwp%2Fv2%2Fmedia&parent=1527"}],"curies":[{"name":"wp","href":"https:\/\/api.w.org\/{rel}","templated":true}]}}